posite number?
False
Is 19373704589 a composite number?
False
Is 1610594753 composite?
True
Is 57523542403 composite?
False
Is 59136110129 prime?
False
Is 1118162489 composite?
False
Is 12468668557 composite?
False
Is 19251263039 a composite number?
False
Is 5165483437 a composite number?
True
Is 49072683113 a composite number?
False
Is 202316690573 a prime number?
False
Is 3585502549 prime?
True
Is 3140619461 a prime number?
False
Is 3137088767 composite?
False
Is 771584579 a composite number?
False
Is 206917511 a prime number?
False
Is 9935476339 composite?
True
Is 27388204471 composite?
False
Is 153081067 composite?
True
Is 1800191891 prime?
True
Is 177622073 composite?
True
Is 24833875231 a prime number?
False
Is 7520144399 prime?
False
Is 460058699 a composite number?
True
Is 2350021357 prime?
True
Is 1166527567 a composite number?
True
Is 1540336579 composite?
True
Is 860969831 a composite number?
True
Is 209029591 a composite number?
False
Is 543033509 prime?
False
Is 3157369409 a prime number?
True
Is 178423897 composite?
True
Is 3914390939 a composite number?
False
Is 3497732801 composite?
False
Is 2329473149 a composite number?
False
Is 11647715113 a composite number?
False
Is 52162961791 a prime number?
True
Is 146818723 composite?
True
Is 18194392279 a composite number?
True
Is 127978397 a composite number?
True
Is 253828447 a composite number?
False
Is 2270136353 composite?
True
Is 6061200305 a composite number?
True
Is 18785793941 a composite number?
True
Is 3971977547 prime?
False
Is 225815927 prime?
True
Is 1315285553 prime?
False
Is 39275317 composite?
True
Is 21751501 prime?
False
Is 272761214153 composite?
False
Is 11625409594 prime?
False
Is 4053174751 a composite number?
False
Is 366872743 prime?
True
Is 2531989847 a prime number?
True
Is 14515244741 a prime number?
True
Is 7012125377 a composite number?
True
Is 2108283395 a composite number?
True
Is 12468164011 prime?
True
Is 316631803 a composite number?
True
Is 15082714741 composite?
False
Is 49573466429 a prime number?
False
Is 1108027163 composite?
True
Is 6670741379 a composite number?
False
Is 22984646693 prime?
False
Is 254856703 prime?
False
Is 358336961 a prime number?
True
Is 852608077 a prime number?
True
Is 27887395301 prime?
True
Is 17101446301 prime?
True
Is 1059291383 a prime number?
True
Is 646601617 prime?
False
Is 376786801 a prime number?
True
Is 355330134235 prime?
False
Is 1248674027 a prime number?
True
Is 444867299 a prime number?
False
Is 20148324881 composite?
False
Is 276047111 a prime number?
True
Is 1128336497 a composite number?
True
Is 7503249503 prime?
False
Is 269744129 composite?
False
Is 18226098797 a prime number?
True
Is 6262257611 a composite number?
False
Is 30424918427 composite?
False
Is 4117106549 a prime number?
False
Is 19837933477 a composite number?
True
Is 2044722269 composite?
False
Is 17261933243 a prime number?
False
Is 9331268653 a composite number?
True
Is 136412151121 a composite number?
True
Is 1693453687 composite?
True
Is 4205940929 composite?
False
Is 27134928157 a prime number?
True
Is 91058609 composite?
False
Is 128264109839 prime?
True
Is 27596867 a composite number?
False
Is 939582793 composite?
False
Is 490215377 composite?
False
Is 13275500783 prime?
False
Is 2443549489 prime?
False
Is 2405792491 a composite number?
True
Is 464068301 composite?
False
Is 1358555479 a prime number?
True
Is 934163003 a composite number?
True
Is 10628397181 prime?
True
Is 448890527 a prime number?
False
Is 302202679 a composite number?
True
Is 238388522 composite?
True
Is 1377282479 composite?
False
Is 792874709 a composite number?
True
Is 6872328643 composite?
False
Is 578278786 prime?
False
Is 487862269 composite?
True
Is 18717428053 a composite number?
False
Is 336055361 prime?
True
Is 4892344187 prime?
False
Is 15350440187 prime?
True
Is 940692419 prime?
False
Is 95559088459 composite?
False
Is 36090401549 composite?
True
Is 199971077 a composite number?
False
Is 1927770017 prime?
False
Is 5436241543 prime?
False
Is 21316898291 a prime number?
False
Is 2713805401 a prime number?
False
Is 16978983641 prime?
False
Is 81296387 composite?
False
Is 756923809 a composite number?
True
Is 5620568831 a composite number?
False
Is 8591220007 a prime number?
True
Is 1883486303 a prime number?
False
Is 99338853989 a prime number?
True
Is 12023641951 composite?
True
Is 8637795451 composite?
False
Is 1355531291 a composite number?
True
Is 28107816029 prime?
True
Is 2213717239 a prime number?
True
Is 808163483 prime?
True
Is 4197703787 prime?
False
Is 653408813 a prime number?
True
Is 648842197 prime?
False
Is 27555315467 composite?
False
Is 2597779307 composite?
False
Is 633035197 a composite number?
True
Is 2928457627 prime?
True
Is 3957129793 a prime number?
True
Is 6996842357 prime?
False
Is 186111047 a composite number?
True
Is 2232553621 a prime number?
True
Is 8953653799 a composite number?
False
Is 2381310913 a composite number?
True
Is 13596069941 prime?
True
Is 270535451 prime?
False
Is 47961241343 a composite number?
True
Is 123551800087 prime?
True
Is 419836073 a composite number?
True
Is 31486037141 prime?
False
Is 546493159 prime?
True
Is 1002828977 a prime number?
True
Is 482719201 composite?
False
Is 8039842781 a composite number?
True
Is 387423329 prime?
True
Is 720695473 prime?
True
Is 1157921659 a composite number?
False
Is 6375451343 a prime number?
False
Is 8582684102 a prime number?
False
Is 441893723 prime?
True
Is 1069096547 prime?
True
Is 47776094083 prime?
True
Is 258157169 a composite number?
False
Is 1477786679 a prime number?
False
Is 108698935313 a prime number?
True
Is 3859222201 composite?
False
Is 186979783 composite?
False
Is 2782142161 composite?
True
Is 3405270073 composite?
False
Is 277820789 prime?
True
Is 332483549 prime?
True
Is 7861625171 prime?
True
Is 408683063 prime?
True
Is 54098846051 a prime number?
True
Is 68530435591 composite?
False
Is 839252437 prime?
True
Is 3406291429 prime?
True
Is 234894787 composite?
False
Is 791820971 prime?
True
Is 1821478063 prime?
False
Is 163000608811 a prime number?
True
Is 913516337 a composite number?
False
Is 12442502329 prime?
False
Is 363820970783 composite?
False
Is 372368173 a prime number?
True
Is 1396540421 prime?
False
Is 5005301671 composite?
True
Is 8852979511 prime?
True
Is 5692663369 composite?
True
Is 52125210341 a composite number?
False
Is 95072879 composite?
True
Is 1622552051 prime?
False
Is 240724219 prime?
False
Is 67258004251 prime?
True
Is 3214399357 composite?
True
Is 5475119669 a prime number?
True
Is 623194835 a composite number?
True
Is 126374299 composite?
False
Is 3102338933 a composite number?
True
Is 192661631 composite?
False
Is 1205043809 a prime number?
True
Is 463691971 a prime number?
True
Is 3210557915 a composite number?
True
Is 1142862307 composite?
True
Is 231899506 composite?
True
Is 5525773181 composite?
False
Is 23996646169 a composite number?
True
Is 998015377 a composite number?
True
Is 45170803 prime?
False
Is 1092320453 a composite number?
True
Is 71313863 a composite number?
False
Is 142520869 a prime number?
False
Is 6331611917 a composite number?
True
Is 133381883341 composite?
True
Is 472689881 composite?
True
Is 212124932219 a prime number?
False
Is 759543809 a prime number?
True
Is 2625995267 a composite number?
True
Is 4078791701 composite?
True
Is 62913548011 a composite number?
True
Is 335011967 a composite number?
False
Is 58602416161 a composite number?
False
Is 336989441 a composite number?
True
Is 1449765529 a composite number?
False
Is 434306567 a composite number?
False
Is 137049554539 a prime number?
False
Is 26329073431 a composite number?
False
Is 20587494133 composite?
False
Is 282386624687 a composite number?
False
Is 1800715387 prime?
False
Is 127741701005 prime?
False
Is 401601947 a composite number?
True
Is 4542398319 a prime number?
False
Is 579983137 prime?
True
Is 39055972429 composite?
True
Is 68643772543 composite?
False
Is 24234851401 composite?
False
Is 382611847 a composite number?
True
Is 28329173 prime?
False
Is 1508684027 a prime number?
True
Is 17193628289 prime?
True
Is 6503100761 composite?
False
Is 138626251 composite?
False
Is 36712554523 prime?
False
Is 162608390171 composit